 units digit of y?
1
What is the hundreds digit of (-2)/(3 + -15) + (-11813)/(-6)?
9
Suppose 0 = -397*c + 399*c - 1678. What is the tens digit of c?
3
Suppose 10131 = 72*d - 61*d. What is the hundreds digit of d?
9
Suppose -4*c = 26 + 42. Let w = -2 - 28. Let q = c - w. What is the tens digit of q?
1
Let w be (((-14448)/(-40))/7)/((-3)/10). Let g = w + 496. What is the hundreds digit of g?
3
Let q(p) = 2*p**2 - 3*p - 1 - 3 - 14*p**2 + 9*p**2 + p**3. Let o be q(4). Suppose o = -3*d + 65 - 11. What is the tens digit of d?
1
Suppose 25*n + 1214 = 27*n. What is the tens digit of n?
0
Let c be 27/6 + (-1)/2. Suppose -2*d + c = -3*d. What is the tens digit of (d + 2 + 29)/1?
2
Let d(l) = 12*l**2 - 19*l - 106. What is the units digit of d(-16)?
0
Suppose g + 6*v = 5*v + 1244, 0 = -3*g + 2*v + 3757. What is the units digit of g?
9
Suppose -2*n + 5 = k, -18 - 17 = -5*n + 2*k. Suppose 2*b + c = -b + 54, 0 = n*b - 4*c - 90. What is the tens digit of b?
1
Let m = -338 - -2063. What is the thousands digit of m?
1
Suppose 0 = -49*u + 43*u + 16032. What is the tens digit of u?
7
Let f(n) = -n**3 - 15*n**2 - 17*n + 37. Let q be f(-15). Suppose -286*v + 288*v = q. What is the hundreds digit of v?
1
Suppose -37 = -2*j + 11. Suppose -3*d + 2*d = 2*b - 5, 2*d = -5*b + 10. Suppose -j = -d*s + 16. What is the units digit of s?
8
Let f = -18 + 20. Let l(p) = 2*p. Let z be l(f). Suppose 9 = -z*d + 45. What is the units digit of d?
9
Let v(o) = -111*o + 37. What is the units digit of v(-4)?
1
What is the units digit of (-78)/(-91) + (-1360)/(-14)?
8
Let g = 2 - -1. What is the tens digit of g + (4 - (0 + -29))?
3
Let z = -2 + -2. Let b = z - -12. Suppose b - 95 = -3*x. What is the tens digit of x?
2
Suppose -10*c + 12*c - 1231 = -5*h, 0 = -4*c - 3*h + 2469. What is the tens digit of c?
1
Let v = -343 - -583. Let c = v - 95. What is the units digit of c?
5
Let a be (3 + 0)*(-10)/(-6). Suppose 0 = -5*m - a*n - 60 + 480, 2*n = -4*m + 338. Suppose y = 6*y - m. What is the units digit of y?
7
Let a(w) = w**2 - 2. What is the units digit of a(-2)?
2
What is the units digit of (-3442)/(-6) + 0 + (-6)/(-18)?
4
Let b be -2*(-2068)/(-10) + (-2)/5. What is the tens digit of ((-2)/(-2))/((-9)/b)?
4
Let f(v) = -2*v**3 - 3*v**2 - 3*v + 1. Suppose 2*x - 10 = 4*a - 0, a - 5*x - 20 = 0. What is the units digit of f(a)?
1
Let g(m) = -32*m**3 - 3*m**2 + 5*m - 7. What is the thousands digit of g(-4)?
1
Suppose 0 = -7*m + 5*m + 252. Suppose 8*i - m = 130. What is the tens digit of i?
3
Let d(x) = -x**3 - 9*x**2 - 9*x - 8. Let n be d(-8). Suppose -4*a + a = n, -5*f + 615 = -a. What is the hundreds digit of f?
1
Suppose 54011 = -25*x + 189311. What is the units digit of x?
2
What is the units digit of (-2)/((-1)/2*(-134)/(-148271))?
6
Let j(v) be the second derivative of v**6/20 - v**4/12 + v**3/6 + 4*v**2 + 2*v. Let q(b) be the first derivative of j(b). What is the tens digit of q(2)?
4
Let m(n) = 74*n + 20. What is the hundreds digit of m(4)?
3
Let r = 5216 - 3079. What is the hundreds digit of r?
1
Let r(z) = 8*z**3 - 14*z**2 - 9*z - 69. What is the thousands digit of r(7)?
1
Suppose -s + 2 + 0 = 0. Let d be (6/s)/6*26. Let n = -8 + d. What is the units digit of n?
5
Let d be ((-182)/10)/(((-18)/(-10))/(-9)). Suppose -4*q + 472 = 4*p, 0 = 5*q - 3*p + d - 681. What is the tens digit of q?
1
Let z(u) = u**2 - 6*u + 8. Let q be z(5). Let k be (-36)/(-8)*(q + -1). Suppose -i + k = w, -37 = -2*w - w + 2*i. What is the units digit of w?
1
What is the thousands digit of 8/5*(53390/(-4))/(-19)?
1
Let q(h) = 6*h**3 - 11*h**2 - 6*h - 5. What is the units digit of q(5)?
0
Suppose -10*g - 18 = -g. What is the units digit of 4*955/40*g/(-1)?
1
Suppose -4*u + 11 = 31. What is the units digit of 10 - (2 - (u - -3))?
6
Suppose -23*z - 4*z = -37881. What is the hundreds digit of z?
4
Let g = 38 + -33. Suppose 0 = -2*x - g*h + 188, -3*x + 16 = -3*h - 245. What is the units digit of x?
9
Let d(s) = -131*s + 64*s + 25 + 66*s. What is the tens digit of d(-4)?
2
Suppose 4*v + 6*m - 16348 = 7*m, 5*m - 12238 = -3*v. What is the hundreds digit of v?
0
Let y = 597 - 324. What is the tens digit of y?
7
Suppose -1731 = 8*c - 8003. What is the tens digit of c?
8
Suppose 2*b - 222 = -2*a, 0 = -b - 0 + 1. Suppose 5*d + 5*z = -0*z + a, 3*d - 2*z - 61 = 0. What is the units digit of d?
1
Let j(m) = 2*m + 6. Let u(r) = r + 2. Let f(y) = -3*j(y) + 8*u(y). Let n be f(2). Suppose 46 = n*h - 0*h. What is the tens digit of h?
2
Suppose 1206 = -10*a + 3956. What is the tens digit of a?
7
Let q(s) = s + 10. Let d be (12/(-8) + -2)*2. Let h be q(d). What is the tens digit of h + -2 + 0 - -9?
1
Let l(z) = -z**2 - 16*z + 4. What is the units digit of l(-16)?
4
Let n(f) = 6*f**3 + f**2 - 3*f - 8. Let s be n(4). Let z = s + -83. What is the hundreds digit of z?
2
Let c be -3*1*8/(-6). Let o = -188 - -269. Suppose -c*y + 345 - o = 0. What is the tens digit of y?
6
Let f(z) = -5*z - 2. Let r be f(-1). Suppose 2*v - 4*d = 198, -76 = -4*v - r*d + 265. What is the units digit of v?
9
Suppose 0*x = -7*x. Suppose x = -23*p + 24*p - 38. What is the tens digit of p?
3
Suppose -4*n + o = -1201, 816 - 215 = 2*n - o. What is the units digit of n?
0
Suppose 2386 = 15*s - 13*s. What is the units digit of s?
3
Let v(g) = g + 6. Let c be v(-4). Suppose 2 = -c*y, 4*f + 2*y + y = 305. What is the units digit of f?
7
Let y(j) = -j**2 - 6*j. Let h be y(-6). Suppose 7*n - 8*n + 90 = h. What is the units digit of 20/n + 385/9?
3
Let o(h) = 9*h - 13. Let c be o(2). Suppose -v - 5*r + 26 = 0, c*r = -7*v + 2*v + 130. What is the units digit of v?
6
Suppose 3080 = 5*w - 4775. What is the units digit of w?
1
Suppose -4*a - 2*i = 2724, -6*a = -4*a + 5*i + 1346. Let r = -369 - a. What is the tens digit of r?
1
Suppose -2*v = 4, 3*v = -0*a - 5*a + 34. Let n be 4/a*14 + 2. What is the units digit of (n*1)/((-20)/(-100))?
5
Suppose d + 0 = -3. Let a be -7 + 12/d + 5. What is the tens digit of 9/a*112/(-12)?
1
Let j be 2/(-3 - -1)*0. Suppose j = -3*z + 5*f + 91, 0*z + z - 5*f = 27. Suppose -3*d = d - z. What is the units digit of d?
8
Let k(l) be the first derivative of -l**4/2 - 5*l**3/3 + 3*l**2/2 + 13*l - 24. What is the hundreds digit of k(-5)?
1
Suppose -5 = 2*g + 25. Let m be 1/5 - 597/g. Let u = m + -12. What is the tens digit of u?
2
Suppose 4*x - 1492 = -2*q, 3*x + 1971 = 3*q - 258. What is the tens digit of q?
4
Suppose 16483 = 5*m + b, -26*m - 13192 = -30*m + 2*b. What is the hundreds digit of m?
2
Let t(u) = -51*u + 2. Let f be t(-8). Let g(x) = -3*x + 394 - f + 22*x - x**2. What is the units digit of g(15)?
4
Let v = 773 - 135. What is the tens digit of v?
3
Suppose 2*n - z - 117 = 0, 0 = 2*n + 3*z - 25 - 88. Let t(o) = o**3 - 5*o**2 - 7*o + 14. Let h be t(5). Let v = n + h. What is the tens digit of v?
3
Let o(z) = -z**3 + 11*z**2 - 12*z + 2. Suppose -28 - 8 = -4*i. What is the tens digit of o(i)?
5
Let m(n) = 30*n**2 + 14*n + 6. What is the tens digit of m(-4)?
3
Let p = 26 + -60. Suppose 2*x - 10 = -40. Let f = x - p. What is the units digit of f?
9
Let z(t) = -5*t + 1 - 2*t**2 + 12*t + 3*t**2. Let q be z(-6). Let s(w) = w**2 - w - 3. What is the tens digit of s(q)?
2
Suppose 3*o = 5*k - 27 + 62, 2*o - 4*k = 26. Suppose 285 - 100 = o*r. What is the tens digit of r?
3
Suppose -2*j + 3110 = o, 4*o - 9729 - 2681 = 2*j. What is the thousands digit of o?
3
Let p = 40 - -21. What is the tens digit of p?
6
Let o = -10 + 11. Let t(a) = o - 1 + 6 - 3*a. What is the tens digit of t(-6)?
2
Let x(v) = 47*v - 4. Let q be x(4). Suppose 5*i + q = 4*c, c + 0*i - 46 = 3*i. What is the tens digit of c?
4
Let t(x) = -344*x - 75. What is the tens digit of t(-1)?
6
What is the tens digit of (-7)/(21/12) + 5704/4?
2
Let a(f) = 2*f**2 + 35*f - 63. What is the units digit of a(23)?
0
Suppose 10 = p - i, -2*p - 4*i = 3*p - 5. Suppose t = -5*g + 81, -g - 3*g = -p*t + 347. What is the tens digit of t?
7
Let q = 4347 + -2790. What is the tens digit of q?
5
Let q(r) = 7 - 6 - 3*r + 2 - r**2. Let y be q(-3). Suppose -u = y*u - 36. What is the units digit of u?
9
Let k = 26 - 15. Let z(u) = u**2 - 42*u + 245. Let w be z(7). Let g = k + w. What is the units digit of g?
1
Let w = -113 + 111. Let r(b) = -126*b + 6. What is the tens digit of r(w)?
5
What is the hundreds digit of